 Suppose 100*f - 820 = 96*f. Calculate the highest common divisor of v and f.
41
Let c = -12787 - -21459. What is the greatest common divisor of 32 and c?
32
Suppose -26*a + 1348 - 271 = -795. Calculate the highest common divisor of a and 15.
3
Let x = 4572 + -4158. What is the highest common factor of 3036 and x?
138
Let c be 4*-1*6/9*1083/(-38). Calculate the highest common divisor of 160 and c.
4
Let m(o) = -o - 6374 + 24*o + 13*o + 6366. Let f be m(1). What is the greatest common divisor of 280 and f?
28
Let a(u) = 2*u**2 + 3*u - 31. Let t be a(-16). Let i = -424 + t. What is the highest common factor of 63 and i?
9
Let v = 4 - -2. Let l = -4798 + 4990. Calculate the highest common divisor of l and v.
6
Let q be (-1)/(-2) + (-7)/(-2). Suppose -j = -5*j + q. Suppose 0 = -5*z - 5*d + 35, -1 = 3*z + 4*d - 18. Calculate the highest common divisor of z and j.
1
Let d be -8 - (-29448)/15 - 1/5. Suppose 2*v = -4*i + 3*v + d, -4*i + 5*v = -1967. Calculate the greatest common factor of i and 61.
61
Let q = 6227 - 6219. Calculate the highest common factor of q and 40616.
8
Let q be ((14 - 8) + 7)*(129 - 12). Calculate the greatest common divisor of 1053 and q.
117
Suppose -776 = -24*l - 368 + 984. What is the greatest common factor of 348 and l?
58
Let u = -1293 + 1413. What is the greatest common factor of 440 and u?
40
Suppose -20 = -5*c + 5*q, 4*c = -11*q + 7*q + 24. Suppose 163 = c*v - 137. Calculate the greatest common factor of v and 100.
20
Suppose -52 = -2*i + 4*o, -i + 5 = 4*o + o. Suppose -a + 6*w + 102 = 0, -2*w = -0*a - 5*a + 874. What is the greatest common divisor of a and i?
20
Let z be (7/((-140)/(-375)))/(4/((-576)/(-6))). Calculate the greatest common divisor of z and 2400.
150
Suppose -3*m - 2 = z, -7*z + 2*z - 3*m + 38 = 0. Suppose 3*g + 5*h = 40, -2*g - 448 + 474 = 4*h. Calculate the greatest common factor of g and z.
5
Let h = -266 + 139. Let j = h - -239. Calculate the greatest common factor of j and 32.
16
Suppose 0*j + 1676 = 5*i - j, i - 340 = -j. What is the greatest common factor of i and 264?
24
Suppose -6*h = -184 - 104. Suppose -16 = -4*r, -29*r + 232 = 5*u - 31*r. What is the highest common factor of h and u?
48
Suppose -2*q = -9*q + 14. Suppose -3*c - q*c - 800 = 0. Let u be (-6)/(-10)*1 - c/25. What is the greatest common divisor of 77 and u?
7
Suppose 0 = 12*a + 144 - 600. Let n be 2/4*20/(-1). Let t(q) = -4*q - 21. Let p be t(n). Calculate the greatest common factor of p and a.
19
Suppose -4*i + 64 = -b, 0 = -32*i + 36*i + b - 64. Let t(n) = n**2 + 4*n + 4. Let j = 16 + -22. Let s be t(j). Calculate the highest common divisor of i and s.
16
Suppose -q + 24 - 14 = -3*j, 0 = -3*q - 3*j - 30. Let l be -6 - (-882)/2 - q. Calculate the highest common divisor of l and 20.
20
Let c be -1*5 - ((-24)/10)/(130/353275). What is the highest common divisor of c and 19?
19
Suppose 5*v + 10 = 0, v - 9 = -c + 2*v. Let q(r) = 17*r**2 + 92*r - 96. Let b be q(1). Calculate the highest common divisor of b and c.
1
Let x be 75/(-6)*4/5. Let t be 475/x*12/(-10). Let o be (-4)/(-6)*(-171)/(-6)*1. What is the highest common divisor of o and t?
19
Suppose -5*a = -a. Suppose a = -35*v + 33*v + 10. Suppose -v*m = -2*j - 673, -4*j + 649 = 3*m + 2*m. What is the highest common divisor of 19 and m?
19
Let f(s) = -s**2 - 11*s - 15. Let z(t) = t - 11. Let p be z(3). Let g be f(p). Let l be ((-3)/g)/((-3)/18). Calculate the highest common divisor of 1 and l.
1
Suppose -3*a + 3*z + 258 = 72, a = 2*z + 66. What is the greatest common factor of a and 6?
2
Suppose 30 = 3*o - 3*q, -o - 5*q - 35 = -3*o. Suppose 0 = k - o*y - 108, 527 = 24*k - 20*k - y. Calculate the greatest common divisor of k and 95.
19
Suppose -y = 39*y - 185080. What is the highest common divisor of 7 and y?
7
Let t(v) = -399*v - 1511. Let h be t(-4). Calculate the highest common factor of h and 255.
85
Suppose 29*d - 22*d = 0. Suppose -5*r - 505 = -3*o, -2*o + 340 = -d*o - 5*r. Calculate the highest common divisor of o and 99.
33
Let p = -706 + 442. Let m = p + 308. Let b be 1/(-3) - 26/(-6). Calculate the greatest common factor of b and m.
4
Suppose -7212*a + 7167*a = -74205. What is the highest common divisor of a and 51?
17
Let w(j) = j**3 - 8*j**2 + 7*j + 5. Let m be w(7). Let b = m - 0. Let f = b + 30. What is the greatest common factor of 10 and f?
5
Suppose 1152 = 6*x - 2202. Let y = x - 271. What is the greatest common divisor of y and 54?
18
Suppose -137*p + 166566 = -120*p. Calculate the greatest common divisor of 142 and p.
142
Let q = 3267 - 2751. What is the highest common divisor of q and 24?
12
Let p be (5/(-4))/((-1)/256). Suppose 3*h - 235 = p. Calculate the greatest common factor of h and 5.
5
Let q(d) = 54*d + 8168. Let y be q(-149). Calculate the highest common factor of 6 and y.
2
Suppose 187809 = -115*k + 1766069. Calculate the greatest common divisor of k and 188.
188
Let f = -449 - -204. Let s = f - -248. Calculate the highest common factor of 31 and s.
1
Let x(y) = -7*y**2 + 535*y - 186. Let b be x(75). What is the greatest common divisor of b and 264?
12
Suppose 0 = -4*b, -4*b = -21*m + 24*m - 24. Suppose 3*s - 432 = -15*s. What is the greatest common divisor of m and s?
8
Suppose 227*a + 1240 = 258*a. Calculate the greatest common factor of 1912 and a.
8
Let h(n) be the third derivative of n**5/30 + 3*n**4/4 + 7*n**3 + 249*n**2. Let g be h(-5). What is the highest common divisor of 58 and g?
2
Let g(y) = y**3 - 4*y**2 - 5*y + 6. Let n be g(5). Suppose -16*i + 12*i + 4*b = -76, -3*i + 27 = 3*b. Calculate the highest common divisor of n and i.
2
Let w(r) = -2*r + 17. Let n be w(7). Calculate the highest common factor of 1524 and n.
3
Let z = -64 - -53. Let f be (0 + z)*(-5)/(-1). Let a = f + 60. What is the greatest common factor of 80 and a?
5
Let m = -56 - -60. Suppose -k + 47 = -3*y + m*y, 2*y - k - 79 = 0. What is the greatest common divisor of 21 and y?
21
Let s(c) = 124*c**2 + 2*c. Let h = 73 + -52. Let f = h + -20. Let q be s(f). Calculate the greatest common factor of 18 and q.
18
Let a be (-411983)/(-1430) + 2/(-20). What is the greatest common divisor of a and 27?
9
Let s be 5/((-4)/((-1452)/1)). Suppose -v + 12*v - s = 0. Calculate the highest common factor of 110 and v.
55
Let s(b) = b**3 - 4*b**2 - 5*b - 4. Let t be s(5). Let o be 3/6 + (558/t)/(-9). What is the greatest common factor of 4 and o?
4
Let t(z) = -2*z - 5. Let n be t(-27). Let b be 273/n + -6 - (-580)/14. What is the greatest common factor of b and 943?
41
Let k be (-265)/(-2)*64/5. Suppose 18*f = k - 346. Calculate the highest common factor of 50 and f.
25
Let b = 119 + -47. Let d(y) = y**2 - 4*y - 32. Let m be d(-4). Suppose m*j + 45 = 5*g + j, 0 = 3*g - 3*j - 9. What is the highest common divisor of b and g?
8
Let k be (-3800)/48 + (-2)/(-12). Let d = 101 + k. Calculate the highest common divisor of d and 55.
11
Let h(p) = 2*p**2 - 17*p + 26. Let f be 7*(4 - (-9)/(-3)). Let i be h(f). Calculate the greatest common factor of i and 60.
5
Let g(u) = -9 - 8 + 5*u + 9 - 16. Let o be g(4). Let j(h) = -2*h**3 + h**2 + 11*h - 7. Let k be j(o). Calculate the highest common factor of 31 and k.
31
Suppose -b = -16 - 40. Let n = b + -56. Suppose -c - 2 = n, -3*o - 3*c + 100 = -134. What is the greatest common factor of 10 and o?
10
Let q(v) = 38*v**2 - 16*v - 17. Let f be q(-1). Suppose a - 6 = 6. Let j = f - a. What is the highest common divisor of j and 175?
25
Suppose -206*z + 222*z - 960 = 0. Calculate the greatest common factor of z and 1070.
10
Let k be -2*(0 + 33/(-6)). Suppose 27*f - 1989 + 215 = 12779. What is the greatest common divisor of f and k?
11
Suppose -4*l + 74626 = 15*v - 14*v, -4*v = 8. What is the greatest common divisor of l and 27?
27
Suppose 55*l + 25*l - 16084 = -4244. Calculate the greatest common divisor of l and 7511.
37
Let w(c) = 98*c - 95. Let h be w(1). Suppose 3 = 19*t - 16*t. Calculate the greatest common divisor of t and h.
1
Let f = 21195 - 20380. What is the greatest common factor of 25 and f?
5
Suppose -46 - 20 = -22*x. Let y(n) = 16*n**2 + n + 7. Let s be y(x). Calculate the highest common factor of 22 and s.
22
Let r = 23 - 11. Let j = -1263 + 1261. Let k be 10/(4/2) - (-4)/j. Calculate the greatest common divisor of k and r.
3
Let n(i) = -i**2 